(-2).
-4
Let n(a) = a**2 + 13*a - 13. Determine n(-14).
1
Let f(y) = -y**3 + 37*y**2 - 3*y + 113. Give f(37).
2
Let c(k) = -12*k - 29. Calculate c(-8).
67
Let u(v) = -v**2 + 8*v - 3. What is u(7)?
4
Let x(n) = 74*n - 823. What is x(11)?
-9
Let i(p) = 3*p - 67. Determine i(20).
-7
Let s(b) = -b**2 + 10*b - 9. Calculate s(7).
12
Let j(a) = 7*a**2 - 73*a - 36. What is j(11)?
8
Let g(s) = -177*s**2 + 4*s + 3. Give g(-1).
-178
Let m(x) = x**2 - 14*x - 25. Determine m(16).
7
Let t(c) = 3*c - 31. Calculate t(9).
-4
Let h(r) = -r**2 - 15*r + 2. Give h(-4).
46
Let r(i) = -i**2 - 9*i + 24. Give r(-10).
14
Let q(n) = -n**2 + 3*n + 7. What is q(-3)?
-11
Let l(t) = -5*t**3 - 10*t + 19. Calculate l(2).
-41
Let m(q) = -q**2 + 11*q - 15. What is m(9)?
3
Let z(r) = 11*r + 35. Give z(0).
35
Let u(p) = 38*p - 611. Determine u(16).
-3
Let v(p) = -p**3 + 4*p**2 + 15*p - 1. Give v(6).
17
Let r(n) = -2*n**2 + n + 10. Determine r(3).
-5
Let c(o) = -o**3 - 3*o**2 - 3*o - 9. Calculate c(-3).
0
Let y(q) = -33*q**3 - q**2 + 2*q - 1. Determine y(1).
-33
Let n(h) = -2*h + 39. Calculate n(-17).
73
Let d(u) = -3*u**3 - 2*u - 20. Give d(0).
-20
Let y(m) = -m**3 - 9*m**2 - 6*m + 9. Calculate y(-8).
-7
Let i(u) = u**2 + 6*u + 7. What is i(-4)?
-1
Let f(s) = -s - 3. What is f(-3)?
0
Let t(j) = -j**2 + 5*j. What is t(3)?
6
Let r(l) = -l**3 + 5*l**2 + 4*l + 4. What is r(6)?
-8
Let i(c) = -19*c + 1. Calculate i(4).
-75
Let i(n) = n**3 + 9*n**2 - 8*n + 23. Give i(-10).
3
Let t(z) = -z**3 - 40*z**2 + 42*z + 39. Calculate t(-41).
-2
Let m(p) = p**3 - 11*p**2 + 19*p + 30. What is m(7)?
-33
Let a(l) = -l**3 - 7*l**2 - 18*l - 15. Give a(-7).
111
Let q(r) = 11*r - 74. What is q(7)?
3
Let v(i) = -i**3 + 5*i**2 + 7*i - 3. Give v(6).
3
Let l(r) = r**2 + 8*r. What is l(-6)?
-12
Let m(r) = 6*r**3 - 3*r**2 + 2*r. Calculate m(1).
5
Let g(t) = -t**3 - 16*t**2 - 17*t - 20. What is g(-15)?
10
Let j(v) = 142*v - 694. Give j(5).
16
Let b(t) = t**3 + 7*t**2 - 2*t + 16. Calculate b(-7).
30
Let n(b) = -b**2 - 180*b - 710. What is n(-4)?
-6
Let s(d) = -d**3 - 9*d**2 + 14*d + 19. Determine s(-10).
-21
Let w(z) = 6*z - 13. What is w(7)?
29
Let z(c) = -2*c - 20. Determine z(-15).
10
Let w(c) = -19*c + 27. Calculate w(0).
27
Let w(f) = -f**3 + f**2 - 5*f - 11. Give w(5).
-136
Let a(v) = -13*v - 5. What is a(-2)?
21
Let g(j) = j**2 + 17*j + 52. Determine g(-14).
10
Let k(r) = 7*r - 38. Give k(3).
-17
Let p(j) = j**2 - 21*j - 3. Determine p(21).
-3
Let x(t) = -t**2 + 20*t - 23. Determine x(18).
13
Let h(l) = l**2 - 12*l. Give h(-5).
85
Let v(r) = -r**3 + 16*r**2 - 6*r + 94. Determine v(16).
-2
Let o(y) = -6*y - 12. Determine o(7).
-54
Let q(l) = -l**2 - 5*l + 26. Calculate q(5).
-24
Let h(c) = 4*c - 52. Calculate h(14).
4
Let j(h) = -h**2 + 3*h - 4. What is j(3)?
-4
Let n(q) = -3*q**3 - 2*q - 4. Determine n(-2).
24
Let r(u) = u + 18. Determine r(-8).
10
Let n(c) = -c - 20. Determine n(6).
-26
Let a(j) = j**2 + 11*j + 19. Calculate a(-9).
1
Let o(y) = y**2 - y - 4. Calculate o(0).
-4
Let j(b) = b**3 - 11*b**2 + 7*b - 1. Give j(10).
-31
Let s(w) = 19*w - 187. Determine s(10).
3
Let m(w) = -w**3 - 6*w**2 + 9*w - 2. Give m(-7).
-16
Let n(h) = -7*h - 1. Give n(5).
-36
Let t(q) = q**3 - 10*q**2 + 6*q + 2. What is t(9)?
-25
Let y(n) = -n**2 + 13*n + 11. Determine y(14).
-3
Let w(v) = v**2 - 15*v + 17. What is w(14)?
3
Let j(y) = -2*y**2 - 8*y - 10. Determine j(-6).
-34
Let j(r) = -r**3 - 16*r**2 + 34*r - 38. Calculate j(-18).
-2
Let c(r) = r + 33. Give c(-4).
29
Let r(u) = 2*u**3 - u**2 + 7. Give r(-3).
-56
Let d(f) = -f**3 + 9*f**2 + 4*f - 19. Calculate d(9).
17
Let a(i) = -9*i**2 - 3*i - 1. Determine a(-1).
-7
Let j(u) = -u**3 - 10*u**2 - 9*u + 2. Determine j(-9).
2
Let b(w) = -w**3 + 18*w**2 + 19*w + 3. Determine b(19).
3
Let d(c) = -c**2 - 10. Calculate d(0).
-10
Let v(l) = -l**3 - 15*l**2 + 20*l + 24. Calculate v(-16).
-40
Let a(d) = -7*d - 57. What is a(-8)?
-1
Let t(v) = -3*v + 9. Give t(11).
-24
Let b(l) = 4*l + 11. Determine b(-4).
-5
Let g(y) = y**2 + 8*y + 3. Give g(-8).
3
Let g(p) = 2*p**2 - 6*p - 8. Determine g(6).
28
Let x(k) = -k**2 + 30*k - 112. Give x(26).
-8
Let b(r) = 2*r - 3. What is b(6)?
9
Let b(n) = -n**3 + 5*n**2 - n - 5. Determine b(4).
7
Let q(t) = t**3 + 17*t**2 - t - 17. Determine q(-17).
0
Let t(c) = -2*c**3 + 18*c**2 - 20*c + 36. Calculate t(8).
4
Let b(p) = p**3 + 9*p**2 + 8*p - 2. Calculate b(-6).
58
Let s(o) = 90*o**2 - 14*o - 14. Determine s(-1).
90
Let a(o) = -o**2 - 12*o - 12. Calculate a(-6).
24
Let i(b) = b**3 + 35*b**2 - 78*b - 152. What is i(-37)?
-4
Let c(d) = d - 10. Determine c(-14).
-24
Let c(g) = -g**2 + 4*g - 5. Calculate c(3).
-2
Let j(b) = -4*b - 52. Give j(-10).
-12
Let j(g) = -3*g**3 + 3*g**2 + 2*g - 4. Calculate j(1).
-2
Let v(w) = -w**3 - 15*w**2 - 11*w + 17. Calculate v(-14).
-25
Let j(w) = w**3 - 5*w**2 - 10*w + 15. What is j(5)?
-35
Let t(q) = q**2 + 16*q + 23. Give t(-16).
23
Let g(m) = 5*m**3 - 3*m**2 + m. What is g(2)?
30
Let t(r) = -r**2 - 7*r - 9. Give t(-8).
-17
Let j(g) = -g**3 + 2*g**2 - g + 2. Determine j(3).
-10
Let f(z) = -z**2 + 6*z + 37. Calculate f(6).
37
Let i(c) = 2*c + 3. Determine i(3).
9
Let r(z) = 2*z**2 - 11*z + 15. Calculate r(3).
0
Let x(j) = -32*j + 2. Calculate x(-1).
34
Let i(d) = -d + 20. Calculate i(11).
9
Let o(r) = -r**2 - 8*r - 5. What is o(-8)?
-5
Let q(p) = -p**2 - 2*p + 1. Determine q(5).
-34
Let w(z) = 2*z**2 + 50*z - 109. Calculate w(-27).
-1
Let d(r) = 6*r + 18. What is d(-4)?
-6
Let c(v) = 2*v - 2. Give c(6).
10
Let f(w) = -w**3 - 15*w**2 + 15*w - 22. What is f(-16)?
-6
Let f(r) = -3*r + 24. Give f(6).
6
Let d(b) = -b**2 + 5*b + 12. What is d(6)?
6
Let y(k) = -k - 3. Give y(-11).
8
Let b(g) = g**2 + 16*g + 24. Give b(-14).
-4
Let p(v) = -7*v - 2. Determine p(13).
-93
Let w(f) = f**3 + 12*f**2 - 11*f - 12. What is w(-13)?
-38
Let j(i) = i**3 - 2*i**2 - 6*i + 4. Determine j(2).
-8
Let j(o) = -2*o + 8. Calculate j(7).
-6
Let z(c) = -3*c + 55. What is z(-17)?
106
Let l(w) = -106*w + 422. Give l(4).
-2
Let p(n) = -n**2 + 17*n - 8. What is p(14)?
34
Let i(h) = 4*h - 22. Determine i(9).
14
Let h(s) = s**3 + 7*s**2 - 11*s - 16. What is h(-8)?
8
Let x(m) = m**3 + m**2 - 6*m + 5. Calculate x(-3).
5
Let u(n) = -n**3 + 8*n**2 - 6*n + 3. What is u(7)?
10
Let t(r) = -r**3 - 12*r**2 - 25*r + 65. Give t(-7).
-5
Let c(w) = 7*w - 12. What is c(5)?
23
Let p(k) = -k**3 + 7*k**2 + 19*k - 7. Give p(9).
2
Let k(a) = 20*a - 1. What is k(1)?
19
Let w(f) = -2*f**2 + 9*f + 2. Give w(4).
6
Let t(a) = 2*a**3 - 2*a**2 - a + 3. Determine t(2).
9
Let d(i) = 2*i + 18. What is d(-8)?
2
Let u(b) = -58*b - 758. Determine u(-13).
-4
Let s(m) = 2*m + 11. Determine s(-3).
5
Let x(i) = -i**3 - 10*i**2 + 3*i + 16. Calculate x(-9).
-92
Let j(y) = y**3 + 9*y**2 + 9*y + 14. Give j(-8).
6
Let l(t) = -2*t**2 + 9*t + 71. What is l(9)?
-10
Let w(p) = 2*p**2 + 3*p - 10. Give w(-5).
25
Let l(a) = -a**3 - 8*a**2 - 2*a + 7. Determine l(-8).
23
Let b(d) = d**2 - 41. What is b(8)?
23
Let o(y) = -2*y**2 + y + 3. Determine o(-4).
-33
Let r(l) = -l**3 - 7*l**2 - 8*l - 7. What is r(-6)?
5
Let u(a) = 67*a**2 - 2*a - 1. What is u(-1)?
68
Let x(z) = 2*z**3 - 11*z**2 - 16*z + 50. Determine x(6).
-10
Let h(x) = x**3 - 3*x**2 - 23*x + 12. Calculate h(7).
47
Let g(f) = 46*f - 98. What is g(2)?
-6
Let i(z) = z**2 - 6*z + 6. Give i(4).
-2
Let u(q) = -q**2 - 5*q + 3. Determine u(2).
-11
Let q(j) = j**3 - 4*j**2 + 5*j - 7. Determine q(4).
13
Let o(y) = 2*y**2 + 55*y + 77. Give o(-26).
-1
Let c(f) = -2*f - 6. What is c(-8)?
10
Let m(z) = -z**2 + 26*z - 124. What is m(20)?
-4
Let k(t) = 2*t + 2. Calculate k(-5).
-8
Let p(b) = b**3 - 26*b**2 - 29*b + 51. Determine p(27).
-3
Let z(c) = 9*c + 15. Calculate z(-12).
-93
Let x(d) = -d**2 + 2*d + 2. Calculate x(6).
-22
Let z(i) = 3*i. Determine z(7).
21
Let p(t) = t**3 - 5*t**2 - 15*t - 1. Calculate p(7).
-8
Let d(z) = -z**3 + z + 2. Calculate d(-1).
2
Let j(r) = -2*r**2 - 40*r - 108. What is j(-3)?
-6
Let t(u) = -u**3 + 7*u**2 + 3. Give t(4).
51
Let s(u) = -u**2 + u - 3. Calculate s(3).
-9
Let v(c) = 4*c**3 - 2*c - 1. Calculate v(-1).
-3
Let b(h) = -39*h - 5. What is b(-2)?
73
Let d(v) = -3*v**2 - 20*v - 7. Determine d(-6).
5
Let r(t) = -t**3 - 2*t**2 + 2*t - 4. Determine r(0).
-4
Let x(f) = -2*f**3 - 3*f**2 + f + 4. Determine x(-2).
6
Let k(x) =